*2 + 128*v + 11. Let z(a) = 6*a**3 + a**2 - 2*a + 1. What is the remainder when b(-16) is divided by z(1)?
5
Let p = -14 + 21. Suppose p*z + 10 = 2*z. Calculate the remainder when 16 + (1 - -1) + z is divided by 6.
4
Let m = 2 - 0. Let z be (-303)/(-12) - (-21)/28. Suppose d + m = z. Calculate the remainder when 47 is divided by d.
23
Let m = 2 + 0. Suppose 0 = m*s + t - 14, 5*s + 4*t - 7 = 4*s. Let g(h) = 2*h**2 + 9*h + 2. Calculate the remainder when g(-6) is divided by s.
6
Let t = 8 - 9. What is the remainder when (-1)/t*(0 - -7) is divided by 5?
2
Suppose 0 = -t - 3 + 16. Calculate the remainder when 25 is divided by t.
12
Suppose 2*b - 88 = -3*j + b, 3*j = -4*b + 73. Suppose -11 = x - j. What is the remainder when x is divided by (2 - 17/3)*-3?
9
Suppose 2*v + 30 = 2*k + 4*v, -25 = -5*k + 5*v. Suppose 2*w = -k + 34. What is the remainder when 35 is divided by w?
11
Suppose -7*j + 663 = 110. What is the remainder when j is divided by 16?
15
Suppose -4*f - 20 = -5*f. Let g(t) = -t + 1. Let c be g(1). Suppose c = -3*x, -3*w - 33 = -6*w + 4*x. Calculate the remainder when f is divided by w.
9
Suppose 2*k + 140 = 7*k. Let h(a) = -a**2 - 7*a + 10. Let c be h(-8). Suppose -2*u = c*u - k. Calculate the remainder when 12 is divided by u.
5
Let h = -12 + 11. What is the remainder when 23 is divided by (5 - 7)/(h/4)?
7
Let y(i) = -i - 3. Suppose -t - 3 - 2 = 0. Let k = -7 + 9. Calculate the remainder when y(t) is divided by k.
0
Suppose 20 = f - 2*z, -4*f + 3*z + 48 = -f. Calculate the remainder when ((-45)/(-6) - -4)*2 is divided by f.
11
Suppose -4*k + 4*m = -324, -k + 10 + 73 = -2*m. What is the remainder when k is divided by 16?
15
Suppose 4*y - 54 = -3*n + 5*n, -2*y - 5*n - 3 = 0. Suppose 2*j - 45 = -3*j - 2*p, -5*j + 2*p + 25 = 0. What is the remainder when y is divided by j?
4
Let l = -15 - -26. What is the remainder when 32 is divided by l?
10
Let n be (39/(-3))/((-2)/4). Let w be 1/6*n*-6. Let l = w - -48. Calculate the remainder when 65 is divided by l.
21
Let t = 2 + 3. Let w(p) = -4*p**2 - 13*p - p**3 - 18 + t - 7*p**2. Calculate the remainder when 50 is divided by w(-10).
16
What is the remainder when -1*(348/(-8))/(-3)*-2 is divided by (-18 + 3 + -1)/(-1)?
13
Suppose 0 = 3*l - 56 + 32. What is the remainder when 15 is divided by l?
7
Let y = -124 - -251. Calculate the remainder when y is divided by 43.
41
Let b(j) = -j + 10. What is the remainder when 14 is divided by b(6)?
2
Let u = -16 + 16. Suppose -x = 5*b - 4*b - 23, -4*x + 2*b + 68 = u. Calculate the remainder when x is divided by 11.
8
Let g(u) = -11 + 12*u - 3*u + 10*u**2 - u**3 + 4*u - u. Let w be g(11). Suppose w*l + 2*l - 146 = 0. What is the remainder when l is divided by 25?
23
Let h be (-22 - 0) + (1 - 0). Let j = h - -37. Calculate the remainder when 30 is divided by j.
14
Let j = -54 - -67. What is the remainder when 17 is divided by j?
4
Let i be 2/(-6)*(-15)/(-1). Let q = 8 - i. Calculate the remainder when (19/(-3))/(3/(-18)) is divided by q.
12
Let o = -2 + 2. Suppose -4*k - 3*c + 63 = 0, c + 31 = 3*k - o*c. Calculate the remainder when 22 is divided by k.
10
What is the remainder when (-183)/(-3) + 0 - -3 is divided by 33?
31
Suppose 0 = -5*q - 0*h + h + 22, 4*q - 3*h - 11 = 0. What is the remainder when 7 is divided by q?
2
Suppose -o - 42 = 2*o. Let b = 25 + o. Let t(u) = 41*u**2 + 2*u - 1. What is the remainder when t(1) is divided by b?
9
Suppose 0*g = -g + 19. Suppose 0 = -a + g - 1. Let k = -7 + 17. Calculate the remainder when a is divided by k.
8
Let v be (0 - 1) + -5 + 1. Let x = v - -1. What is the remainder when 11 is divided by 6/(-2) + (5 - x)?
5
Suppose 4*j = -0*j. Suppose -3*n = -4*t, -5*t + 3 = -3*n - j*t. Suppose 0 = -5*x + 4*x + 6. What is the remainder when x is divided by n?
2
Suppose 4*h = -5*p + 179, -25 = -p - 4*h + 14. What is the remainder when p is divided by 13?
9
Suppose -4*g + 4*j = -j + 2, 4*g - 3*j - 2 = 0. Suppose -g*p = -3*p + 86. What is the remainder when 29 is divided by p/8 + (-21)/28?
9
Suppose 4*j - 7 - 61 = 0. What is the remainder when j is divided by 3?
2
Suppose -8 = -3*r + 4. Suppose 0 = -r*p - p + 25. What is the remainder when 19 is divided by p?
4
Let x(q) = -16*q - 1. Let t be x(-1). Suppose 4*a - t = -a. What is the remainder when 9 is divided by a?
0
Suppose 5*a + 12 = -4*l, 5*a + 17 = 5*l - 13. Suppose 3*c - 3 = -0. Calculate the remainder when l is divided by -4 - -7 - (0 + c).
0
Let v be 1/(2*4/32). Suppose 2*o + 5*y - v = 0, 0*o - y + 5 = o. Let g = -11 + 31. Calculate the remainder when g is divided by o.
6
Suppose -14 = -x - 4*z, 2*z - 126 = -6*x + 2*x. Calculate the remainder when x is divided by 19.
15
Suppose -28 = -2*d - 2*d + 4*n, -5*d - 4*n - 10 = 0. Let p = d + -1. Suppose -3*z - 4 = -5*z. Calculate the remainder when z is divided by p.
0
Let a be (50/(-3))/(1/(-9)). Suppose -a = -3*z + 5*j, -j = 4*j. What is the remainder when z is divided by 13?
11
Let g(z) = z**2 - z + 3. Let i be g(4). Suppose -2*w = 3*w - i. Let l(m) = m**2 + 3*m - 2. Calculate the remainder when w is divided by l(-4).
1
Let g = 8 + -2. Let y(z) = z - 7 + z + z. Calculate the remainder when 31 is divided by y(g).
9
Let l = 5 - 2. Suppose -2*z = -7 - l. Suppose -18 = -z*i + 2*o + 2, -16 = -4*i - 4*o. What is the remainder when 11 is divided by i?
3
Suppose 0 = -2*c + r + 5 + 4, -2*r + 6 = 2*c. Let p be 1 + ((-4)/2)/(-1). Suppose -35 = -p*o - 2*o. Calculate the remainder when o is divided by c.
3
Suppose 2*q - 15*q + 169 = 0. What is the remainder when 25 is divided by q?
12
Suppose -4*a - 2*p - 5 = -a, -2*a - 5 = 3*p. Calculate the remainder when a + 1 - (-3 + -26) is divided by 8.
5
Suppose 3*q - 2*b - 277 = 0, 467 = 6*q - q - 2*b. Calculate the remainder when q is divided by 33.
29
Let j = -11 - -20. Let w(r) = 2*r**2 + 8*r + 5. Calculate the remainder when j is divided by w(-4).
4
Suppose -h - 4*x + 3 = 0, -2*x - 10 = 2*h - 34. Calculate the remainder when 56 is divided by h.
11
Let g be (-21)/(-3) + (-12)/4. Suppose -3*x + 6*x = -5*h + 39, g*x = 2*h + 78. What is the remainder when 51 is divided by x?
15
Let a = -5 + 7. Suppose 6 = 5*m + 1. What is the remainder when a is divided by m?
0
Let f(z) = -1 + 0 + 0 + 39*z. Suppose 5*l = l + 4. What is the remainder when f(l) is divided by 20?
18
Suppose -4*s + 3*u + 67 = 0, -s + 18 = u - 2*u. What is the remainder when 37 + (-1 + 2 - 0) is divided by s?
12
Let f(w) = -6*w - 75. What is the remainder when 17 is divided by f(-14)?
8
Let q(o) = o**3 - 14*o**2 + 12*o - 4. Let w be q(14). What is the remainder when 1 - w/(4/(-2)) is divided by 21?
20
Let r = -98 + 51. Let s = r + 66. What is the remainder when s is divided by 10?
9
Suppose 0 = -a + 6*a - 225. What is the remainder when a is divided by 24?
21
Let b(h) = -h**2 + 2*h + 109. Calculate the remainder when b(0) is divided by 14.
11
Let c(t) = 3*t**2 - 6*t - 1. What is the remainder when c(5) is divided by 15?
14
Suppose 3*o - 219 - 87 = 0. Calculate the remainder when o is divided by 26.
24
Suppose 4*k = o + 2*k - 19, 2*k = 5*o - 55. Let x = -30 - -65. Calculate the remainder when x is divided by o.
8
Let r = -26 - -47. What is the remainder when r is divided by 11?
10
Suppose -26 = -4*s - 5*i, -3*s - 3*i + 21 = 3. Suppose s*w - 56 = 40. What is the remainder when w is divided by 132/10 + (-2)/10?
11
Let j(x) = -x**2 - 3*x + 2. Let f be j(-3). Suppose -3*t = -q - 2, -3*t + q = -q + f. What is the remainder when t is divided by 1?
0
Let l(s) = -s**2 + s + 1. Let w be l(-2). Let o = 18 + w. What is the remainder when 37 is divided by o?
11
Let q = 2 - 4. Calculate the remainder when 20 is divided by 10 - (1 + q*1).
9
Let o = 69 + -34. Let v = 23 - 11. What is the remainder when o is divided by v?
11
Suppose 2*k = 5*d - 26 - 73, -d = 3*k - 30. Suppose 0 = -2*p - d + 69. What is the remainder when p is divided by 13?
11
Calculate the remainder when 59 is divided by (-2 + (-8)/(-6))*-24.
11
Let w(k) = k. Let c(n) = n + 2. Let t(p) = -c(p) + 6*w(p). Calculate the remainder when t(3) is divided by 7.
6
Suppose 51 = 4*d - t, 2*d + t - 12 - 21 = 0. Calculate the remainder when 26 is divided by d.
12
Let t be -17 + 6*(-1)/(-2). Let b = t + 25. Calculate the remainder when (-8)/(2/(-8)*1) is divided by b.
10
Let h = -4 - 5. Let q = h 